vided by (-3 + 4)/(1 - 0)?
0
Let g = -22 - -92. Suppose 3*m + 2 = 4*m. What is the remainder when g is divided by (-1)/m - 98/(-4)?
22
Let r = 12 + 20. What is the remainder when r is divided by 7?
4
Let s = -4 - -7. Suppose s*l - 8 = 10. What is the remainder when 23 is divided by l?
5
Let p(d) = 2*d + 1. Let q(o) = -o + 1. Let s(z) = -p(z) + 2*q(z). Let g be (-15)/9 + 1/(-3). Calculate the remainder when 25 is divided by s(g).
7
Let o(x) = -x**2 + 14*x - 7. What is the remainder when 15 is divided by o(13)?
3
Let o(v) = v**2 - 7*v + 2. What is the remainder when o(9) is divided by 7?
6
Let u = -6 + 21. Calculate the remainder when u is divided by 8.
7
Let d be 3/(-2)*1*4. Let v be (-2)/d - (-55)/15. Suppose -40 = -v*f + 28. Calculate the remainder when 50 is divided by f.
16
Let h = 2 + 2. Suppose 0 = -4*s + s + h*x + 38, x = -5*s + 71. What is the remainder when 25 is divided by s?
11
Suppose 4*y - 2*n - 2 = 3*n, 13 = y + 5*n. Suppose 3*s = -5*t + 23, 5*s = -t - 16 + y. Suppose -t = -l + 9. What is the remainder when l is divided by 9?
7
Calculate the remainder when 19 is divided by 12/18 - (-13)/3.
4
Let v(n) = 2*n**2 + 8*n**2 - 12*n - 11*n**2 - 15. Let c be v(-10). Suppose -h + i + 30 = -2*i, 57 = 2*h - c*i. Calculate the remainder when 39 is divided by h.
18
Let o(y) = y - 4. Let u be o(5). Let j = 2 + u. Suppose 3*w + 3*g - 48 = -0*w, -3*g = -j*w + 36. What is the remainder when 39 is divided by w?
11
Let o be (-303)/15 + (-2)/(-10). Let p = 26 - o. Calculate the remainder when p is divided by 12.
10
Suppose -2*o + 4 = -12. What is the remainder when 10 is divided by o?
2
Let x be (-5)/1 + 4 + -1. Let c be (5 + x)/((-9)/(-87)). Suppose q + 3 = 2*q, 4*h - c = q. What is the remainder when 13 is divided by h?
5
Let n = 0 + 5. Suppose -2*s = -4*f + 16, -6*f + n*f - s = -10. What is the remainder when 6/(2/3 + 0) is divided by f?
3
Let y(f) = -3*f**2 - 4 - 5*f + 5*f**2 - f**2. Calculate the remainder when 4 is divided by y(6).
0
Let o(b) = -32*b - 4. Calculate the remainder when 42 is divided by o(-1).
14
Let w(o) = o**3 + 7*o**2 + 9*o + 9. Suppose 4*j + 120 = 4*r + 4, -j - 3*r = 33. Let s = j - -56. What is the remainder when s is divided by w(-5)?
12
Suppose 0 = -5*c + 3*j + 425, -3*j + 148 = 5*c - 247. Suppose c = 4*x + 3*k + 25, -k - 1 = 0. What is the remainder when 29 is divided by x?
14
Let p(n) = 2*n**2 - 2*n - 2. Let a be p(2). Suppose 0 = w + 3*h - 38, -a*h + 1 = -h. Calculate the remainder when w is divided by 19.
16
Suppose 82 = 5*k - 3*k. Let n be (-17*1)/(3/(-9)). Suppose -3*i - 9 = -n. What is the remainder when k is divided by i?
13
Let p(d) = 11*d**2 + d - 2. Let k(t) = -33*t**2 - 3*t + 7. Let h(b) = 2*k(b) + 7*p(b). What is the remainder when 23 is divided by h(1)?
11
Let u be (-1 + 13)/(3/(-2)). Let a be (-2)/u - 46/(-8). Calculate the remainder when 34/3 + (-2)/a is divided by 6.
5
Let f = -12 + 23. Let c(t) = -t**2 + 9*t - 1. Calculate the remainder when f is divided by c(8).
4
Suppose 0 = w - 5*l + 6, -3*w + 2*w - 5*l = -24. Let r = 0 + w. Calculate the remainder when 16 is divided by r.
7
Let i = 0 - -2. Suppose -6 = -i*y + y. Let k(j) = -2*j + 3. Calculate the remainder when k(-4) is divided by y.
5
Let i = 6 - -1. Let x = i - 12. What is the remainder when 4 is divided by (2/(-2))/(x/10)?
0
Suppose -2*y + 164 = -22. What is the remainder when y is divided by 19?
17
Suppose -3*c + 179 = 149. Calculate the remainder when 56 is divided by c.
6
Suppose 4*h - 2*h = 30. Let l = -28 + 53. What is the remainder when 1*(l + 3 + 1) is divided by h?
14
Suppose 95 = 5*y + h, -49 = -2*y + 4*h + 11. What is the remainder when y is divided by 7?
6
Let q(s) = -s**3 + s + 4. Let k be q(-4). Suppose -k = -4*j - 0*j. What is the remainder when 46 is divided by j?
14
Let m = -29 - -76. Suppose -1 = -3*l + 2*i, -4*l + 3*l + 4*i = 13. Suppose -3*q + 4*v = -32, -l*q + v = -38 + 3. Calculate the remainder when m is divided by q.
11
Suppose 13*v - 72 = 4*v. What is the remainder when 45 is divided by v?
5
Let m be (-1)/(-1) - (-1 + 1). Let d(a) = 57*a**2 - a. What is the remainder when d(m) is divided by 19?
18
Let y = -59 - -65. Suppose -4*p + 20 = 0, -3*z = 2*z + 2*p - 60. What is the remainder when z is divided by y?
4
Let q = -77 + 144. Let h be -4*1/(-2) + -2. Suppose h = 4*y - 17 - q. What is the remainder when y is divided by 11?
10
Let z(y) = -2. Let g(r) = r + 1. Let l(v) = 4*g(v) + 3*z(v). Let x = -50 + 75. Calculate the remainder when x is divided by l(4).
11
Suppose x - 64 = -3*x. Suppose -x - 18 = -q. What is the remainder when q is divided by 12?
10
Suppose 1424 = 14*z - 6*z. Calculate the remainder when z is divided by 45.
43
Let y be (2/7)/(4/28). Suppose -y*w - 3*w + 55 = 3*i, -2*w = 2*i - 26. What is the remainder when 23 is divided by w?
7
Suppose 11*p = 13*p - 42. Calculate the remainder when 40 is divided by p.
19
Suppose 5*c + 3 = -3*v, 0*v + 3*v = -4*c. Let o = c + 29. Let g = o + -18. Calculate the remainder when 22 is divided by g.
6
Suppose -3*x - 5*z + 1 = 0, -2*x + 4*z = -10 - 20. What is the remainder when 25 is divided by x?
4
Suppose 0 = 3*g - 2*a - 113, 5*g + 4*a - 323 = -120. Calculate the remainder when g is divided by 14.
11
Let l = -8 + 23. Let r = 9 - -1. Suppose 0 = -b - 0*b - 2, r = f - b. What is the remainder when l is divided by f?
7
Suppose -156 = 26*v - 30*v. What is the remainder when 193 is divided by v?
37
Suppose 3*z - 132 = -0*z. What is the remainder when z is divided by 16?
12
Suppose 8 = -2*x, 0 = -2*r - 2*x + 21 + 9. Calculate the remainder when r is divided by 5.
4
Let k(l) = -l**3 - 2*l**2 - 2*l. Let y be k(-2). Suppose 3*d + 0*p - 4 = -p, y*p = 2*d + 16. Calculate the remainder when 0 - (-5 - (2 - d)) is divided by 4.
3
Calculate the remainder when (-2)/(-5) - (-168)/5 is divided by 4.
2
Suppose -366 = -9*z + 84. Calculate the remainder when z is divided by 13.
11
Suppose 0*o + 2*q - 38 = -2*o, 5*o - q = 119. What is the remainder when 85 is divided by o?
16
Let k be 104/12*6/4. Let a = k + -12. Calculate the remainder when 1 is divided by a.
0
Suppose j - 46 = -j. What is the remainder when 66 is divided by j?
20
Let d(j) = -j**3 + 12*j**2 - 11*j + 1. Let n be d(11). What is the remainder when 20 is divided by (-3 + 2)*n*-11?
9
What is the remainder when (-1 - 0)*(-144 - 10/(-2)) is divided by 47?
45
Let l(t) = t**3 + 11*t**2 - 27*t - 2. Calculate the remainder when 43 is divided by l(-13).
10
Let j = 18 + -11. Suppose -4*v + 3*b = 0, 5*v - 2*b + 0*b = j. Suppose -v*k = 12, -y - 3*k = -11 + 3. What is the remainder when y is divided by 11?
9
Let j = 31 + -15. Calculate the remainder when 47 is divided by j.
15
Suppose -27 = -2*w - 3. What is the remainder when 22 is divided by w?
10
Calculate the remainder when 13/((-26)/(-6) + -4) is divided by 20.
19
Let v be 106/3*12/8. Suppose -4*t + 43 + v = 0. Let c(n) = -n + 13. Calculate the remainder when t is divided by c(0).
11
Calculate the remainder when 54 is divided by (20 + 2 + -3)*1.
16
Suppose 2*s - 48 = -2*s. What is the remainder when 34 is divided by s?
10
Let o(j) = j**3 + 5*j**2 - 2*j + 4. Suppose -6*i + 2*t - 4 = -4*i, 4*i = t - 17. What is the remainder when o(i) is divided by 8?
6
Let p(z) = z + 1. Let a be p(5). Let x = a - -9. Suppose 0 = -2*t + 8*t - 48. Calculate the remainder when x is divided by t.
7
Suppose -20 = -4*v, -4*v + 9*v + 11 = 3*f. Suppose -17*b = -f*b - 60. Calculate the remainder when 45 is divided by b.
9
Let k = 93 - 79. What is the remainder when 39 is divided by k?
11
Suppose -35 = 6*b - 95. What is the remainder when b is divided by 4?
2
Suppose -2*l + 3*c = -21, 5*c = -l + 7 - 3. Let o(q) = -q**3 - 5*q**2 - 6*q - 5. What is the remainder when o(-5) is divided by l?
7
Let l be (-3 + 1)/(-1) + -4. Let d = l + 4. Suppose -d*w = -k + 3*k - 16, 4*k - 14 = 5*w. What is the remainder when k is divided by 4?
2
Let l = -5 + 4. Calculate the remainder when 21 - -5 - (-2)/l is divided by 5.
4
Calculate the remainder when 35 is divided by 9/(-27) - 116/(-6).
16
Suppose -m = -0*m + 1. Let v = m - -3. What is the remainder when 6 is divided by v?
0
Suppose 4*w - w - 48 = 0. Let s be 8*(2 + -3 + 2). Let t = 22 + s. What is the remainder when t is divided by w?
14
Suppose 2*b = 3*j + 89, -2*b + 3*j - 126 = -5*b.